05. Is i(0) prime?
False
Let i(c) be the second derivative of -5*c**3/3 - 7*c**2/2 - c. Let g be 2*-3 - -4 - 4. Is i(g) a composite number?
False
Let i(n) = 4*n**2 - 2*n + 7. Let x = -11 - -22. Is i(x) prime?
False
Let z = -1 - -2. Let s(u) = 84*u**3 - 2*u**2 + 2*u - 1. Let g be s(z). Suppose 2*j - 47 = g. Is j a composite number?
True
Let b be (-75)/(-6)*22/(-1). Let p = -80 - b. Suppose 0*s + 3*s - p = 0. Is s prime?
False
Is 5/5 - 7188/(-2) a prime number?
False
Let b = 9 - 7. Let k be ((-18)/15)/(b/(-10)). Suppose f - 12 = -5*t, 128 = -2*f + k*f + 4*t. Is f a composite number?
False
Let h(y) = 5 + 14*y - 55*y - 2 - 7. Let f be -2*(-2 - 7/(-2)). Is h(f) a prime number?
False
Let f be 1 + 3 + (-1 - -1). Let t(s) = 9*s + 5*s + f*s - 1 - s**2. Is t(8) a composite number?
False
Let i(k) = -78*k - 67. Is i(-11) composite?
True
Suppose 2*s - 456 = -p + 5*s, 5*p + 3*s = 2226. Is p composite?
True
Let x = -1 - -3. Suppose -4*g = -4*b + 160, 5*b - 6*g - 195 = -2*g. Is 1845/b + x/7 composite?
False
Suppose 0*p + p + 5 = i, -2*p = 5*i - 11. Suppose -12 = 4*t + c + i*c, 5*c + 15 = 0. Suppose -5*l = q - 473, t = -4*l - 5*q + 79 + 291. Is l prime?
False
Let b(j) = j**3 - 8*j**2 + 10*j - 7. Is b(10) prime?
True
Let k(w) = w**2 + 17*w + 18. Let x be k(-16). Let u = x - -47. Is u a prime number?
False
Suppose 0 = -36*n + 31*n + 3485. Is n a composite number?
True
Let m(d) = d**2 - 6*d + 6. Let j be m(4). Is (-1046)/(-8) + j/(-8) a prime number?
True
Let a(q) = q**3 - 10*q**2 + 11*q - 13. Let l be a(9). Suppose -s = -l*s + 472. Is s composite?
True
Let g = -377 - -244. Let h = -88 - -44. Let u = h - g. Is u a composite number?
False
Let z be -2 - (1 + (-1 - -3)). Let o = -2 - z. Suppose -o = 5*m - 278. Is m a prime number?
False
Let c(h) = -h**2 - 6*h + 1. Let o be c(-5). Let z(d) = d + 2. Let s be z(3). Suppose o*v = s*v + 37. Is v composite?
False
Suppose 12*m - 3372 = 6*m. Is m a prime number?
False
Let q(x) = x**3 + x. Let c be q(0). Suppose -d + 3*f + 5 = 0, c*f + 12 = 4*f. Is d a composite number?
True
Suppose -4 = -5*q + q. Let r be (1/(-2) + q)*-6. Is ((-127)/1)/(2 + r) a prime number?
True
Suppose 4*w - 3 = 5*a + 51, 0 = -3*w + a + 35. Is w prime?
True
Suppose -z - 2*z = -4*h - 637, z + 4*h - 207 = 0. Is z prime?
True
Suppose -2*g + 3*g = 53. Is g a prime number?
True
Suppose 0 = -0*s + 4*s - 100. Is s prime?
False
Let s(l) = 23*l - 6. Let t be s(-7). Let n = 243 + t. Suppose 0 = 4*k + 2*b - n, -2*k + 4*b + 38 = -0*b. Is k prime?
True
Is (-5702)/(-3) - (-5)/15 a prime number?
True
Let b be 2*(335/2 + 0). Let f = 598 - b. Is f composite?
False
Suppose -f - 3*f + 48 = 0. Let s be 2/f - 3033/54. Let g = s + 135. Is g a prime number?
True
Is 2/(-10) - (3832/(-10) + 1) a prime number?
False
Is 0 + 12/3 - -291 composite?
True
Is (3/(-3))/(4/(-508))*2 a composite number?
True
Let f(u) = 29*u - 1. Let n be f(-1). Let q be 2/(-10) - 1176/n. Let v = q + 28. Is v a prime number?
True
Let f(v) = -88*v. Let d be f(1). Let l = d + 125. Is l prime?
True
Let w(y) be the second derivative of y**4/6 + 3*y**3 - 11*y**2/2 - 2*y. Is w(-13) a composite number?
True
Is (6/10)/(3/165) a prime number?
False
Let u be ((0 - 2) + 4)*-4. Suppose -94 = -2*d - n, n - 5*n - 74 = -2*d. Let w = u + d. Is w a prime number?
True
Suppose 20*n - 9465 = 17*n. Is n a prime number?
False
Let q = -18 - 2. Let s = q + 33. Is s a prime number?
True
Let g(a) = -7*a - 4. Let c be g(-10). Let b = c + -31. Is b prime?
False
Let o = -7 - -12. Suppose 3*v + 41 = -o*t + 329, -4*t = v - 229. Is t a composite number?
True
Let r(z) = z**3 - 4*z**2 - 4*z - 3. Let o be r(5). Suppose -8 = -4*m, -j + o = -0*j - 4*m. Is j prime?
False
Suppose -5*g = 20, 3*t = t - 2*g + 758. Is t a prime number?
True
Is ((-2)/(-4))/(2/1108) + 1 composite?
True
Let u be 0 + (0 - -3)/1. Let s = 171 - u. Let h = s - 85. Is h prime?
True
Let i(j) = 6*j - 1. Let a be i(1). Suppose a*f + 32 = -98. Let s = -16 - f. Is s composite?
True
Let l be 34/9 - (-16)/72. Let f = l + 18. Suppose 0 = 5*t - f - 93. Is t prime?
True
Suppose b + 4 = -2*d, -3*b - 3 = 5*d + 5. Suppose b*n - 33 = -5. Is n a prime number?
True
Let w = 8 + -4. Suppose -w*s + 554 = -210. Is s a prime number?
True
Let r be (5/(-3))/(6/(-72)). Let x = 56 - 22. Let n = x - r. Is n a composite number?
True
Let v be (-3582)/(-5) - (-12)/(-30). Suppose -3*o = o - v. Is o prime?
True
Let q(u) = 2*u**2 + 6*u + 2. Suppose 5*x + 4*i - 153 = 3*i, 10 = -5*i. Suppose -4*b + 35 = -3*l, 9 = -3*l + 5*b - x. Is q(l) a composite number?
True
Let g(u) be the third derivative of 0 - 1/120*u**6 + 0*u - 1/3*u**4 + 2*u**2 - 1/15*u**5 + 1/3*u**3. Is g(-7) a prime number?
False
Let r be (0/2 + 52)/1. Let d be (-4)/(-18) - r/(-9). Let m(j) = j**3 - 4*j**2 + 2*j + 5. Is m(d) a composite number?
False
Let d(c) = c**3 - 3*c**2 + 4. Let w be d(3). Suppose -w*n - 200 = -4*u, 4*u + 5*n - n - 224 = 0. Is u composite?
False
Let x = -983 - -678. Let a = -114 - x. Is a composite?
False
Suppose 0 = 3*q - 28 + 7. Let i be 126/4*12/q. Is i - (6 + (-9)/3) a composite number?
True
Let m(x) be the third derivative of x**5/60 - 7*x**4/24 - 5*x**3/6 - 7*x**2. Is m(-7) composite?
True
Let i(j) = 14*j**3 - 3*j**2 - j + 4. Let q(r) = -7*r**3 + 2*r**2 - 2. Let m(c) = -2*i(c) - 5*q(c). Is m(2) composite?
True
Let i(u) = 13*u + 1. Let a be (-4)/14 + (-30)/(-7). Is i(a) a composite number?
False
Let m(b) = -b**2 - 8*b + 5. Let l be m(-8). Suppose -4*x = 2*n - 999 + 93, l*n - 5*x = 2280. Suppose n = 4*r + r. Is r a composite number?
True
Suppose 4*s = 2*s + 234. Let a = s - 56. Suppose 3*b + 2*u = 82 - 19, 0 = -4*b + 5*u + a. Is b a prime number?
True
Let z be 8*1 - (3 + 0). Suppose 0*d + 169 = 3*g + d, 0 = z*g - 3*d - 305. Is g a prime number?
False
Let o(f) = -463*f - 28. Is o(-3) composite?
False
Let q(l) = l**3 + 3*l**2 + 3*l + 4. Is q(3) a composite number?
False
Let l = 6 + -3. Let r = l - -24. Suppose -5*q + r = -548. Is q composite?
True
Suppose k = -2*k + 42. Is k a prime number?
False
Let u = 16 + -17. Is -4*u/12*573 prime?
True
Is (-185)/(-10) - (-2 - 9/(-6)) a prime number?
True
Let v(h) = h**3 - 13*h**2 + 5. Let u be v(13). Suppose 0 = 2*g - 0*y + 2*y - 580, -4*g = -u*y - 1151. Is g composite?
True
Suppose m - 64 = -m. Suppose -4*f = -f - 21. Let q = m - f. Is q composite?
True
Suppose 9*r - 4*r - 535 = 0. Suppose 94 + r = n. Suppose 3*x - n = -0*x. Is x prime?
True
Let x(f) = f**3 + 9*f**2 - 10*f + 6. Let u be x(-10). Suppose u = -3*n, -2*g - 2*g + 3*n + 118 = 0. Suppose -g = -0*z - 2*z. Is z a composite number?
True
Let k(s) = 17*s**2 - 9. Is k(4) a prime number?
True
Let q(o) = o**2 - 7*o + 7. Let h be q(6). Let i be (-4)/(1*(-2)/(-4)). Is 1272/i*h/(-3) a prime number?
True
Let r = 63 - 32. Is r prime?
True
Let o(a) = -a**2 - 6*a - 6. Let d be o(-4). Let j = d + 0. Suppose j*w - 4*s - 14 = 0, 4 = -5*w - 4*s + 11. Is w prime?
True
Let l = -77 + 161. Suppose -5 = -5*r, 4*j - 3*j - 3*r = l. Is j composite?
True
Let b(c) = -3*c**3 - 4*c**2 + 6*c + 3. Let g be b(-6). Suppose k = -2*k + g. Is k a prime number?
True
Let m(z) = 8*z**3 + 5*z**2 - 1. Is m(4) a prime number?
False
Let t(b) = 37*b**2 - 2*b. Let m be t(3). Suppose 4*d - 4*v = 328, 0 = -4*d + 2*v + v + m. Suppose d + 34 = 5*w. Is w composite?
False
Suppose -k = 3*d - d - 6, -2*d = -4*k + 4. Suppose 691 - 171 = 4*g - 3*q, -5*g + 673 = d*q. Is g composite?
True
Let b = 5 - 2. Suppose -b*w = -453 + 72. Is w a composite number?
False
Let n = -22 - -360. Let i = n - 33. Is i prime?
False
Is 55/(-22)*2*-331 a prime number?
False
Suppose 35 = -3*w + 4*w. Is w a prime number?
False
Let a(k) = 180*k + 5. Is a(11) a prime number?
False
Suppose 0 = -18*i + 22*i - 364. Let o(y) = -55*y + 1. Let k be o(1). Let a = k + i. Is a composite?
False
Is -4 + 9 - 4 - -646 a composite number?
False
Suppose -2*j - 4 = -6*j. Is 3*50 + (0 - j) a prime number?
True
Suppose t - 5*m = -3*m + 12, -3*t = 4*m - 56. Suppose -t = 5*n + 4. Is 51/n*(-4)/1 composite?
True
Let n(t) = 2*t - 12. Let g be n(9). Suppose -4 = -3*o + 2*l, -g = -4*l + 10. Suppose 4*v + o*m - 69 = 59, 1 = m. Is v prime?
True
Let s(i) = -97*i - 7. Let v be s(-4). Suppose -v = -4*q + q. Is q composite?
False
Let j = -2 - -5. Suppose 0 = -k - j*k. Suppose k = 8*v - 4*v - 236. Is v prime?
True
Let o(t) = -t - 1.